10
Let h(i) = 4. Let c(u) = -u - 4. Let m(k) = c(k) - 4*h(k). Calculate m(-15).
-5
Let n(j) = j**3 + 6*j**2 + 2*j - 7. Suppose -2*s + 6 = -5*x - 15, x - 4*s = 3. Suppose 86 = -12*t - 58. Let r be x/(t/4 - -4). What is n(r)?
8
Let c(x) = x**2 - 6*x - 2*x**2 + 0*x - 8 + 0*x**2 - 2*x. Suppose -4 = -6*f - 28. What is c(f)?
8
Let p(q) = q**3 + 3*q**2 - 212*q + 410. Let o be p(2). Let u(v) be the first derivative of -v**2/2 + 8*v + 3. Give u(o).
2
Let a = -20 - -25. Let r(y) = -8*y**2 + y - 3*y**2 + 2 + a*y + 12*y**2. Give r(-6).
2
Let z(h) = 4*h**2 + 39*h - 6. Let q(s) = 3*s**2 + 35*s - 6. Let i(u) = -6*q(u) + 5*z(u). Determine i(5).
-19
Let n = 13 - 5. Let u(t) be the first derivative of t**5/60 - t**4/8 - 67*t**3/3 + 146. Let c(a) be the third derivative of u(a). Calculate c(n).
13
Let h(q) be the third derivative of 11/24*q**4 + 1/120*q**6 - 7/3*q**3 + 188*q**2 + q - 11/60*q**5 + 0. Let a = -10 - -20. Determine h(a).
-4
Let p(v) be the second derivative of v**8/6720 - v**7/360 + 7*v**6/720 - v**5/15 - 161*v**4/12 - 27*v. Let s(f) be the third derivative of p(f). Give s(6).
-2
Let c(k) = -k**2 - 9*k - 5. Let x = 2900 - 2908. Calculate c(x).
3
Let p be (-68)/6 - 10/15. Let z be -1 + -9*4/p. Let u(k) = k**2 + 2. Determine u(z).
6
Let q(h) = 10*h - 114. Let t(i) = i + 23. Let w(b) = -q(b) - 5*t(b). Let n = 1 - 3. Determine w(n).
29
Let m(d) = -3074*d + d**2 + 3058*d - 2*d**2 - 3 - 10. Give m(-16).
-13
Let b(a) be the third derivative of -3/10*a**5 + 1/120*a**6 - 14*a**2 + 0 - 17/6*a**3 + 0*a + 3/4*a**4. Let j be b(17). Let r(x) = -x + 4. Calculate r(j).
4
Suppose -23*c - 383 + 199 = 0. Let o(p) = -6*p**2 - 47*p. Give o(c).
-8
Let a(r) = 3 + 753*r**3 + 3*r**2 - 752*r**3 - 167*r + 163*r + r**2. What is a(-5)?
-2
Let f be (0 - 0) + 1 + 0. Let x(w) be the first derivative of -w**6/30 + w**5/60 - 5*w**2/2 + 4*w + 13. Let u(c) be the second derivative of x(c). What is u(f)?
-3
Let z(u) = 2*u**2 - 2*u + 4. Let m be 9 + 10 - (-10)/5. Suppose 37*i - 44*i = -m. Determine z(i).
16
Let l(z) = z**3 - 9*z**2 + 7*z - 1. Let v = 59 - 53. Suppose v*c - 2*c - b - 14 = 0, -5*b + 18 = 2*c. Suppose 0 = -a + 12 - c. Give l(a).
-9
Let b be (68/(-16) - (-10 + 5))*-4. Let g(s) = 3*s**2 - 2 + 10*s**2 - 14*s**2 + 2*s. Give g(b).
-17
Let l(r) = 5*r**2 - 8*r + 1. Let s(p) = -7*p**2 + 8*p + 1. Suppose -53 + 51 = j. Let v(b) = j*s(b) - 3*l(b). Calculate v(6).
7
Let p(g) be the second derivative of g**5/20 + 21*g**4/4 + 121*g**3/6 - 59*g**2/2 + 7146*g. Give p(-61).
2
Let a(j) = 5*j**3 - 4*j**2 + 12*j - 15. Let w(h) = 4*h**3 - 3*h**2 + 9*h - 14. Let d(n) = -3*a(n) + 4*w(n). Let r = -8 - -8. Give d(r).
-11
Let d(p) be the third derivative of p**6/180 - 7*p**5/60 - p**4/8 - 143*p**3/6 - 2*p**2 - 31. Let r(j) be the first derivative of d(j). Calculate r(7).
-3
Suppose q + 30 = 3*q. Let t(r) = -2*r**3 - 158*r**2 - r + 1. Let i(c) = -7*c**3 - 648*c**2 + 10*c + 22. Let y(k) = i(k) - 4*t(k). What is y(q)?
3
Let u(f) be the first derivative of -f**4/4 - 28*f**3/3 + 3*f**2/2 + 78*f + 5074. Give u(-28).
-6
Let q be (15/(-27))/((-1)/(-18)*-2). Let b(k) = -k**3 + 4*k**2 + 3*k + 4. What is b(q)?
-6
Suppose -3*d + j - 2*j = 10, -3*d - 4 = 4*j. Let b(q) = -299*q - q**3 - 2 + 148*q + 147*q - 6*q**2. What is b(d)?
-18
Let j(f) = f**2 + 6*f - 10. Let k be j(-8). Suppose -5*d = -4*d - k. Let z(w) = w**3 - 6*w**2 - w + 6. Calculate z(d).
0
Let p(d) = -d**3 + 7*d**2 - 2*d - 2. Let o = 56 + -54. Let b be (21/6)/(o/4). Suppose 2*i = -h - 0*h + b, 4*i = -4*h + 28. Calculate p(h).
-16
Let h(k) = 4*k + 9. Suppose 21*w - 175 = -4*w + 275. What is h(w)?
81
Let t(i) = 108*i - 657. Let u be t(6). Let c(w) = w**3 + 8*w**2 - 8*w + 11. Determine c(u).
2
Let u be (0/(-93))/(-2 + 5/1). Let o(n) = 2*n**2 - 4*n - 15. Give o(u).
-15
Let w(g) = -g**2 + g + 19. Suppose 2*o + v = -0*v + 6, 3*o - 30 = -5*v. Give w(o).
19
Let n(v) be the first derivative of -v**3/3 + 5*v**2 - 2*v + 2141. Calculate n(10).
-2
Let m(l) = -l**2 - 5*l + 2. Suppose 4*j + u - 528 = 0, -664 + 160 = -4*j + 5*u. Suppose -2*x - 4*y = j - 23, y = 2*x + 133. Let c = 59 + x. Give m(c).
2
Suppose -2*a + 4*n = -14, -a + 52*n = 55*n + 3. Let p(s) = -s**2 + 6*s - 6. Give p(a).
3
Suppose -4*d + 13 = -b, 5*b + 17 = d + 2*b. Let r(g) = 15*g**2 + g - 33*g**d + 17*g**2 - 15*g - 2. Determine r(-12).
22
Let r(d) be the second derivative of -d**5/10 + d**4/3 - 2*d**3/3 + d**2 - 3*d. Let c = -1627 + 1629. Calculate r(c).
-6
Let f(c) = 8*c**2 - 9*c - 12. Let v be -13 + (-20 - (-31 - -1)). Calculate f(v).
87
Let y be (0 - 1)*0/2. Let b(z) = -z + y*z**2 - 3 + 2*z + 2*z + 2*z**2. Let h = 70 - 73. Give b(h).
6
Let t(k) = -17*k**2 - k**3 + 5*k**3 + 19*k + 6 + 10*k**3 - 12*k**3 + 10*k. Determine t(6).
0
Let y(i) = i**2 - 3*i - 7. Let k = -11 - -17. Suppose -3*w + g = -3, 0 = -w - 4*g + 23 - 9. Suppose k*u + w*z = u + 20, 3*u = 5*z + 43. Give y(u).
11
Let w be 5 + -18 - (-315)/18. Let b(s) be the first derivative of -5*s + w*s**2 - 1/3*s**3 - 19. Give b(7).
9
Let r(j) = -87*j + 262. Let o be r(3). Let y(x) = 98*x + 3. Let n(a) = -65*a - 2. Let i(u) = -8*n(u) - 5*y(u). Calculate i(o).
31
Suppose -14*w = -25 - 17. Let o(z) = -7 + 5 + w*z + 1 + 3. Give o(2).
8
Let i be ((2/3)/((-21)/(-18)))/(474/1659). Suppose 0 = d + 4*d - 10. Let r(p) = -p - d*p + p**i - 994 + 991. Determine r(3).
-3
Let f be 35/10 - 15/(-6). Let h(l) = -8*l**3 - l**2 - 7*l + 2. Let o(d) = 7*d**3 + d**2 + 6*d - 2. Let t(x) = f*o(x) + 5*h(x). What is t(1)?
2
Let d(x) = -6*x**2 + 8*x + 5. Let k(w) = w**2 + 3*w + 2. Let v(o) = -2*d(o) + 5*k(o). Give v(-2).
70
Suppose 9*h - 4116 = 17817. Let x(a) = -a**3 + 2441 - 3*a + 2*a - h. Give x(2).
-6
Suppose 7*o = 5*o - d - 39, -o - 21 = d. Let c be 16/((-480)/o) + 68/(-5). Let p(r) = -2*r - 20. Determine p(c).
6
Let i be (0 - 1 - -6) + 2/20*0. Let m(p) = p**3 - 4*p**2 - 9*p + 6. Give m(i).
-14
Let r(j) = -j**3 - j - 4. Let m(s) = 2*s - 1. Let l(b) = 2*m(b) + r(b). Let k be l(0). Let p(h) = -h**3 - 6*h**2 + 2*h + 7. Determine p(k).
-5
Suppose 88*a - 82*a = 18. Let z(d) be the second derivative of -d**5/20 + d**3/2 - d. Calculate z(a).
-18
Let a(n) = -2. Let s(o) = -o - 15. Let h = -141 + 155. Let z(p) = h*a(p) - 2*s(p). Calculate z(-2).
-2
Let z(g) = 22*g + 80. Suppose -2*l = -5*a - 22, 4*a = 18*l - 15*l - 19. Calculate z(a).
-8
Let j(o) = o**2 + 17*o + 72. Let r be j(-10). Let v(q) = -r + 858*q + 866*q + q**2 - 1717*q. Suppose 27 = -5*f - 8. Give v(f).
-2
Let h(l) = -14 + 463 - 6*l - 121 - 163 - 8*l. What is h(12)?
-3
Let x(v) = -10*v + 6. Let h(c) = -5*c + 3. Let p be 0 + (-12)/9*3. Let g(b) = p*x(b) + 9*h(b). Let t(j) = 4*j - 4. Let n(m) = -3*g(m) - 4*t(m). Give n(0).
7
Let h(k) = -1 + 5 + k**2 - 5*k - 3*k. Let q be 1596/(-48) + (-1)/(-4). Let i be (-272)/(-44) - (1 + 27/q). Calculate h(i).
-8
Let m = 3700 - 3701. Let g(p) = -20*p - 4. Calculate g(m).
16
Let r(k) be the second derivative of k**3/3 + k**2 + 6*k. Let d = 43 - 51. Let u(w) = -3*w - 21. Let o be u(d). Determine r(o).
8
Let y(a) be the first derivative of -5*a**2 - 3*a - 133 - 3*a**3 + 1/4*a**4. Determine y(10).
-3
Let o(a) = 3*a**3 - 13*a**2 + 10*a - 6. Let n(v) = 14*v**3 - 55*v**2 + 42*v - 23. Let z(r) = 2*n(r) - 9*o(r). Calculate z(-8).
-8
Let c(y) = y**2 - 18*y + 24. Suppose -95 = -15*x + 95 + 50. Determine c(x).
-8
Let a = -5 + 8. Let u(z) = -2*z - 15. Let n(v) = 3*v + 21. Let o = 42 - 35. Let w(m) = o*u(m) + 5*n(m). Calculate w(a).
3
Let w(y) be the second derivative of y**4/6 + 23*y**3/3 + 13*y**2 - 69*y - 14. Give w(-22).
-18
Let a(t) = -10*t**3 - 59*t**2 + 4*t + 1. Let o(w) = -9*w**3 - 50*w**2 + 3*w + 1. Let n(j) = 6*a(j) - 7*o(j). Let z be 340/153 + (-2)/9. What is n(z)?
13
Let q(a) = a**3 - 7*a**2 - 9*a + 9. Suppose 0 = -35*h + 10446 + 6459. Let j = 491 - h. Determine q(j).
1
Let i = -15 - -14. Let d(v) = 8*v + 15. Let a(g) = -12*g - 21. Let b(f) = -5*a(f) - 7*d(f). Give b(i).
-4
Suppose -3*t = 3*f - 21, -2*f - 5 = 5. Let i(j) be the third derivative of -j**4/24 + j**3/3 + 3*j**2 + 2*j + 14. Determine i(t).
-10
Let q(v) = -4*v**3 - 6*v**2 - v - 5. Let u(b) = 146*b + b**3 + 3 - 3 - 146*b. Let j(l) = q(l) + 3*u(l). What is j(-6)?
1
Suppose -234*u + 226*u = 1456. Let j = u - -182. Let v(z) = z**2 + z + 6. Determine v(j).
6
Let l(j) = 27*j - 4 + 7 - 2 - 2. Suppose 3*o + 1 + 2 = 0. Calculate l(o)